{"id":74,"date":"2017-01-26T22:18:03","date_gmt":"2017-01-26T21:18:03","guid":{"rendered":"http:\/\/www.letmathertv.de\/volleyball-wordpress\/?page_id=74"},"modified":"2022-11-29T22:49:24","modified_gmt":"2022-11-29T21:49:24","slug":"das-team","status":"publish","type":"page","link":"https:\/\/www.letmathertv.de\/volleyball\/seite-1\/i-damen\/das-team\/","title":{"rendered":"Das Team"},"content":{"rendered":"<h1><strong>Zuspiel<\/strong><\/h1>\n<h2><strong>Carmen Leto<a href=\"http:\/\/www.letmathertv.de\/volleyball\/wp-content\/uploads\/2022\/11\/Carmen_DSC7785.jpg\"><img loading=\"lazy\" decoding=\"async\" class=\"wp-image-756 alignleft\" src=\"http:\/\/www.letmathertv.de\/volleyball\/wp-content\/uploads\/2022\/11\/Carmen_DSC7785.jpg\" alt=\"\" width=\"240\" height=\"301\" srcset=\"https:\/\/www.letmathertv.de\/volleyball\/wp-content\/uploads\/2022\/11\/Carmen_DSC7785.jpg 1240w, https:\/\/www.letmathertv.de\/volleyball\/wp-content\/uploads\/2022\/11\/Carmen_DSC7785-240x300.jpg 240w, https:\/\/www.letmathertv.de\/volleyball\/wp-content\/uploads\/2022\/11\/Carmen_DSC7785-819x1024.jpg 819w, https:\/\/www.letmathertv.de\/volleyball\/wp-content\/uploads\/2022\/11\/Carmen_DSC7785-768x960.jpg 768w, https:\/\/www.letmathertv.de\/volleyball\/wp-content\/uploads\/2022\/11\/Carmen_DSC7785-1229x1536.jpg 1229w, https:\/\/www.letmathertv.de\/volleyball\/wp-content\/uploads\/2022\/11\/Carmen_DSC7785-120x150.jpg 120w\" sizes=\"(max-width: 240px) 100vw, 240px\" \/><\/a><\/strong><\/h2>\n<p><strong>Geburtstag:<\/strong> 09.10.1986<\/p>\n<p><strong>Gr\u00f6\u00dfe:<\/strong> 1,70 m<\/p>\n<p><strong>Position:<\/strong> Zuspiel<\/p>\n<p><strong>Beim LTV seit:<\/strong> Schon immer<\/p>\n<p><strong>Fr\u00fchere Vereine:<\/strong> Einmal der LTV, immer der LTV<\/p>\n<p><strong>Ziele f\u00fcr die kommende Saison:\u00a0<\/strong>Aufstieg und Spa\u00df haben!!<\/p>\n<blockquote><p><strong>Lebensmotto:<\/strong>\u00a0Carpe diem, aber manchmal geht am Arsch vorbei auch ein Weg her!<\/p><\/blockquote>\n<p><strong>Wenn du nicht mit dem Volleyball angefangen h\u00e4ttest, welcher Sportart w\u00fcrdest du heute wahrscheinlich nachgehen?<\/strong><\/p>\n<p>Ich bef\u00fcrchte keiner &#x1f60a;!!<\/p>\n<hr \/>\n<h2><strong>Nina Rack<\/strong><a href=\"http:\/\/www.letmathertv.de\/volleyball\/wp-content\/uploads\/2022\/11\/Nina_DSC7798.jpg\"><img loading=\"lazy\" decoding=\"async\" class=\"size-medium wp-image-757 alignleft\" src=\"http:\/\/www.letmathertv.de\/volleyball\/wp-content\/uploads\/2022\/11\/Nina_DSC7798-240x300.jpg\" alt=\"\" width=\"240\" height=\"300\" srcset=\"https:\/\/www.letmathertv.de\/volleyball\/wp-content\/uploads\/2022\/11\/Nina_DSC7798-240x300.jpg 240w, https:\/\/www.letmathertv.de\/volleyball\/wp-content\/uploads\/2022\/11\/Nina_DSC7798-819x1024.jpg 819w, https:\/\/www.letmathertv.de\/volleyball\/wp-content\/uploads\/2022\/11\/Nina_DSC7798-768x960.jpg 768w, https:\/\/www.letmathertv.de\/volleyball\/wp-content\/uploads\/2022\/11\/Nina_DSC7798-1229x1536.jpg 1229w, https:\/\/www.letmathertv.de\/volleyball\/wp-content\/uploads\/2022\/11\/Nina_DSC7798-120x150.jpg 120w, https:\/\/www.letmathertv.de\/volleyball\/wp-content\/uploads\/2022\/11\/Nina_DSC7798.jpg 1240w\" sizes=\"(max-width: 240px) 100vw, 240px\" \/><\/a><\/h2>\n<p><strong>Geburtstag:<\/strong> 09.06.1988<\/p>\n<p><strong>Gr\u00f6\u00dfe:<\/strong> 1,68 m<\/p>\n<p><strong>Position:<\/strong> Zuspiel<\/p>\n<p><strong>Beim LTV seit:<\/strong> bis 2011, 9 Jahre Pause und seit 2020 wieder dabei \ud83d\ude42<\/p>\n<p><strong>Fr\u00fchere Vereine:<\/strong>\u00a0SC Concordia Hagen, VV Ph\u00f6nix Schwerte<\/p>\n<p><strong>Ziele f\u00fcr die kommende Saison:\u00a0<\/strong>Grunds\u00e4tzlich viel Spa\u00df mit der Mannschaft, aber nat\u00fcrlich auch der Aufstieg<\/p>\n<blockquote><p><strong>Lebensmotto:<\/strong>\u00a0Lebe, liebe, lache!<\/p><\/blockquote>\n<p><strong>Wenn du nicht mit dem Volleyball angefangen h\u00e4ttest, welcher Sportart w\u00fcrdest du heute wahrscheinlich nachgehen?<\/strong><\/p>\n<p>Z\u00e4hlt Klingelm\u00e4nnchen? \ud83d\ude09<\/p>\n<hr \/>\n<h1><strong>Mittelblock<\/strong><\/h1>\n<h2><strong>\u00a0<\/strong><\/h2>\n<p><a href=\"http:\/\/www.letmathertv.de\/volleyball\/wp-content\/uploads\/2022\/11\/Pia_DSC7803.jpg\"><img loading=\"lazy\" decoding=\"async\" class=\"size-medium wp-image-758 alignleft\" src=\"http:\/\/www.letmathertv.de\/volleyball\/wp-content\/uploads\/2022\/11\/Pia_DSC7803-240x300.jpg\" alt=\"\" width=\"240\" height=\"300\" srcset=\"https:\/\/www.letmathertv.de\/volleyball\/wp-content\/uploads\/2022\/11\/Pia_DSC7803-240x300.jpg 240w, https:\/\/www.letmathertv.de\/volleyball\/wp-content\/uploads\/2022\/11\/Pia_DSC7803-819x1024.jpg 819w, https:\/\/www.letmathertv.de\/volleyball\/wp-content\/uploads\/2022\/11\/Pia_DSC7803-768x960.jpg 768w, https:\/\/www.letmathertv.de\/volleyball\/wp-content\/uploads\/2022\/11\/Pia_DSC7803-1229x1536.jpg 1229w, https:\/\/www.letmathertv.de\/volleyball\/wp-content\/uploads\/2022\/11\/Pia_DSC7803-120x150.jpg 120w, https:\/\/www.letmathertv.de\/volleyball\/wp-content\/uploads\/2022\/11\/Pia_DSC7803.jpg 1240w\" sizes=\"(max-width: 240px) 100vw, 240px\" \/><\/a><\/p>\n<h2><strong>Pia B\u00f6ning<\/strong><\/h2>\n<p><strong>Geburtsdatum:<\/strong> 25.08.1987<\/p>\n<p><strong>Gr\u00f6\u00dfe:<\/strong> 1,78 m<\/p>\n<p><strong>Position:<\/strong> Zuspiel<\/p>\n<p><strong>Beim LTV seit: <\/strong>\u00fcber 30 Jahren<\/p>\n<p><strong>Fr\u00fchere Vereine:<\/strong> #nurderltv #nieohnemeinteam<\/p>\n<p><strong>Ziele f\u00fcr die kommende Saison:<\/strong> Die Babypause gut nutzen \ud83d\ude09<\/p>\n<blockquote><p><strong>Lebensmotto:\u00a0<\/strong> What if I fall? Oh but my darling, what if you fly?<\/p><\/blockquote>\n<p><strong>Wenn du nicht mit dem Volleyball angefangen h\u00e4ttest, welcher Sportart w\u00fcrdest du heute wahrscheinlich nachgehen?<\/strong><\/p>\n<p>Extreme reading&#8230;<\/p>\n<p>Extreme couching&#8230;<\/p>\n<p>Extreme chilling&#8230;<\/p>\n<hr \/>\n<h2><strong>\u00a0<\/strong><\/h2>\n<p><a href=\"http:\/\/www.letmathertv.de\/volleyball\/wp-content\/uploads\/2022\/11\/Tina_DSC7788.jpg\"><img loading=\"lazy\" decoding=\"async\" class=\"size-medium wp-image-759 alignleft\" src=\"http:\/\/www.letmathertv.de\/volleyball\/wp-content\/uploads\/2022\/11\/Tina_DSC7788-240x300.jpg\" alt=\"\" width=\"240\" height=\"300\" srcset=\"https:\/\/www.letmathertv.de\/volleyball\/wp-content\/uploads\/2022\/11\/Tina_DSC7788-240x300.jpg 240w, https:\/\/www.letmathertv.de\/volleyball\/wp-content\/uploads\/2022\/11\/Tina_DSC7788-819x1024.jpg 819w, https:\/\/www.letmathertv.de\/volleyball\/wp-content\/uploads\/2022\/11\/Tina_DSC7788-768x960.jpg 768w, https:\/\/www.letmathertv.de\/volleyball\/wp-content\/uploads\/2022\/11\/Tina_DSC7788-1229x1536.jpg 1229w, https:\/\/www.letmathertv.de\/volleyball\/wp-content\/uploads\/2022\/11\/Tina_DSC7788-120x150.jpg 120w, https:\/\/www.letmathertv.de\/volleyball\/wp-content\/uploads\/2022\/11\/Tina_DSC7788.jpg 1240w\" sizes=\"(max-width: 240px) 100vw, 240px\" \/><\/a><\/p>\n<h2><strong>Tina Gierke<\/strong><\/h2>\n<p><strong>Geburtsdatum:<\/strong> 30.04.1985<\/p>\n<p><strong>Gr\u00f6\u00dfe:<\/strong> 1,83 m<\/p>\n<p><strong>Position:<\/strong> Mittelblock<\/p>\n<p><strong>Beim LTV seit:<\/strong> 2005-2009 \/ ab 2015<\/p>\n<p><strong>Fr\u00fchere Vereine:<\/strong> VCH Hohenlimburg, Lunds Volleybollklubb, London Lynx Volleyball Club, SF Blau-Gelb Marburg<\/p>\n<p><strong>Ziele f\u00fcr die kommende Saison:\u00a0<\/strong>Aufstieg, Cocktails und ein Bratwurstbratger\u00e4t<\/p>\n<blockquote><p><strong>Lebensmotto:<\/strong> Das Leben ist sch\u00f6n, Du musst nur dabei sein! Und das Leben ist zu kurz um d\u00fcnn zu sein \ud83d\ude42<\/p><\/blockquote>\n<p><strong>Wenn du nicht mit dem Volleyball angefangen h\u00e4ttest, welcher Sportart w\u00fcrdest du heute wahrscheinlich nachgehen?<\/strong><\/p>\n<p>Wasserball<\/p>\n<hr \/>\n<h2><a href=\"http:\/\/www.letmathertv.de\/volleyball\/wp-content\/uploads\/2022\/11\/Andrea_DSC7814.jpg\"><img loading=\"lazy\" decoding=\"async\" class=\"size-medium wp-image-760 alignleft\" src=\"http:\/\/www.letmathertv.de\/volleyball\/wp-content\/uploads\/2022\/11\/Andrea_DSC7814-240x300.jpg\" alt=\"\" width=\"240\" height=\"300\" srcset=\"https:\/\/www.letmathertv.de\/volleyball\/wp-content\/uploads\/2022\/11\/Andrea_DSC7814-240x300.jpg 240w, https:\/\/www.letmathertv.de\/volleyball\/wp-content\/uploads\/2022\/11\/Andrea_DSC7814-819x1024.jpg 819w, https:\/\/www.letmathertv.de\/volleyball\/wp-content\/uploads\/2022\/11\/Andrea_DSC7814-768x960.jpg 768w, https:\/\/www.letmathertv.de\/volleyball\/wp-content\/uploads\/2022\/11\/Andrea_DSC7814-1229x1536.jpg 1229w, https:\/\/www.letmathertv.de\/volleyball\/wp-content\/uploads\/2022\/11\/Andrea_DSC7814-120x150.jpg 120w, https:\/\/www.letmathertv.de\/volleyball\/wp-content\/uploads\/2022\/11\/Andrea_DSC7814.jpg 1240w\" sizes=\"(max-width: 240px) 100vw, 240px\" \/><\/a><\/h2>\n<h2><strong>Andrea Goschka<\/strong><\/h2>\n<p><strong>Geburtstag:<\/strong>\u00a028.12.1997<\/p>\n<p><strong>Gr\u00f6\u00dfe:<\/strong> 1,77 m<\/p>\n<p><strong>Position:<\/strong>\u00a0Mittelblock\/Diagonal<\/p>\n<p><strong>Beim LTV seit:<\/strong>\u00a0Sommer 2019<\/p>\n<p><strong>Fr\u00fchere Vereine:<\/strong>\u00a0TuS Halden-Herbeck<\/p>\n<p><strong>Ziele f\u00fcr die kommende Saison:\u00a0<\/strong>Aufstieg, Konstanz im Angriff<\/p>\n<blockquote><p><strong>Lebensmotto:<\/strong>\u00a0Auch der weiteste Weg beginnt mit dem ersten Schritt.<\/p><\/blockquote>\n<p><strong>Wenn du nicht mit dem Volleyball angefangen h\u00e4ttest, welcher Sportart w\u00fcrdest du heute wahrscheinlich nachgehen?<\/strong><\/p>\n<p>Vermutlich Zumba und Fitnessstudio<\/p>\n<hr \/>\n<h2><a href=\"http:\/\/www.letmathertv.de\/volleyball\/wp-content\/uploads\/2022\/11\/Caro_DSC7757.jpg\"><img loading=\"lazy\" decoding=\"async\" class=\"size-medium wp-image-761 alignleft\" src=\"http:\/\/www.letmathertv.de\/volleyball\/wp-content\/uploads\/2022\/11\/Caro_DSC7757-240x300.jpg\" alt=\"\" width=\"240\" height=\"300\" srcset=\"https:\/\/www.letmathertv.de\/volleyball\/wp-content\/uploads\/2022\/11\/Caro_DSC7757-240x300.jpg 240w, https:\/\/www.letmathertv.de\/volleyball\/wp-content\/uploads\/2022\/11\/Caro_DSC7757-819x1024.jpg 819w, https:\/\/www.letmathertv.de\/volleyball\/wp-content\/uploads\/2022\/11\/Caro_DSC7757-768x960.jpg 768w, https:\/\/www.letmathertv.de\/volleyball\/wp-content\/uploads\/2022\/11\/Caro_DSC7757-1229x1536.jpg 1229w, https:\/\/www.letmathertv.de\/volleyball\/wp-content\/uploads\/2022\/11\/Caro_DSC7757-120x150.jpg 120w, https:\/\/www.letmathertv.de\/volleyball\/wp-content\/uploads\/2022\/11\/Caro_DSC7757.jpg 1240w\" sizes=\"(max-width: 240px) 100vw, 240px\" \/><\/a><\/h2>\n<h2><strong>Caroline Naber<\/strong><\/h2>\n<p><strong>Geburtstag:<\/strong>\u00a004.07.2000<\/p>\n<p><strong>Gr\u00f6\u00dfe:<\/strong> 1,72 m<\/p>\n<p><strong>Position:<\/strong>\u00a0Mittelblock<\/p>\n<p><strong>Beim LTV seit:<\/strong>\u00a02015<\/p>\n<p><strong>Fr\u00fchere Vereine:<\/strong>\u00a0Tus Oege<\/p>\n<p><strong>Ziele f\u00fcr die kommende Saison:\u00a0<\/strong>Aufstieg, sichere Annahme<\/p>\n<blockquote><p><strong>Lebensmotto:<\/strong>\u00a0Wine not<\/p><\/blockquote>\n<p><strong>Wenn du nicht mit dem Volleyball angefangen h\u00e4ttest, welcher Sportart w\u00fcrdest du heute wahrscheinlich nachgehen:<\/strong><\/p>\n<p>Kickboxen<\/p>\n<hr \/>\n<h2><a href=\"http:\/\/www.letmathertv.de\/volleyball\/wp-content\/uploads\/2022\/11\/Charly_DSC7770.jpg\"><img loading=\"lazy\" decoding=\"async\" class=\"size-medium wp-image-762 alignnone\" src=\"http:\/\/www.letmathertv.de\/volleyball\/wp-content\/uploads\/2022\/11\/Charly_DSC7770-240x300.jpg\" alt=\"\" width=\"240\" height=\"300\" srcset=\"https:\/\/www.letmathertv.de\/volleyball\/wp-content\/uploads\/2022\/11\/Charly_DSC7770-240x300.jpg 240w, https:\/\/www.letmathertv.de\/volleyball\/wp-content\/uploads\/2022\/11\/Charly_DSC7770-819x1024.jpg 819w, https:\/\/www.letmathertv.de\/volleyball\/wp-content\/uploads\/2022\/11\/Charly_DSC7770-768x960.jpg 768w, https:\/\/www.letmathertv.de\/volleyball\/wp-content\/uploads\/2022\/11\/Charly_DSC7770-1229x1536.jpg 1229w, https:\/\/www.letmathertv.de\/volleyball\/wp-content\/uploads\/2022\/11\/Charly_DSC7770-120x150.jpg 120w, https:\/\/www.letmathertv.de\/volleyball\/wp-content\/uploads\/2022\/11\/Charly_DSC7770.jpg 1240w\" sizes=\"(max-width: 240px) 100vw, 240px\" \/><\/a><\/h2>\n<h2><strong>Charlotte Geissler<\/strong><\/h2>\n<hr \/>\n<h1><strong>Au\u00dfenangriff<\/strong><\/h1>\n<h2><a href=\"http:\/\/www.letmathertv.de\/volleyball\/wp-content\/uploads\/2022\/11\/Flora_DSC7754.jpg\"><img loading=\"lazy\" decoding=\"async\" class=\"size-medium wp-image-763 alignleft\" src=\"http:\/\/www.letmathertv.de\/volleyball\/wp-content\/uploads\/2022\/11\/Flora_DSC7754-240x300.jpg\" alt=\"\" width=\"240\" height=\"300\" srcset=\"https:\/\/www.letmathertv.de\/volleyball\/wp-content\/uploads\/2022\/11\/Flora_DSC7754-240x300.jpg 240w, https:\/\/www.letmathertv.de\/volleyball\/wp-content\/uploads\/2022\/11\/Flora_DSC7754-819x1024.jpg 819w, https:\/\/www.letmathertv.de\/volleyball\/wp-content\/uploads\/2022\/11\/Flora_DSC7754-768x960.jpg 768w, https:\/\/www.letmathertv.de\/volleyball\/wp-content\/uploads\/2022\/11\/Flora_DSC7754-1229x1536.jpg 1229w, https:\/\/www.letmathertv.de\/volleyball\/wp-content\/uploads\/2022\/11\/Flora_DSC7754-120x150.jpg 120w, https:\/\/www.letmathertv.de\/volleyball\/wp-content\/uploads\/2022\/11\/Flora_DSC7754.jpg 1240w\" sizes=\"(max-width: 240px) 100vw, 240px\" \/><\/a><\/h2>\n<h2><strong>Flora-Jasmin Baumg\u00e4rtel<\/strong><\/h2>\n<p><strong>Geburtstag:<\/strong> 03.08.2000<\/p>\n<p><strong>Gr\u00f6\u00dfe:<\/strong> 1,68 m<\/p>\n<p><strong>Position:<\/strong>\u00a0Au\u00dfenangriff\/Annahme<\/p>\n<p><strong>Beim LTV seit:<\/strong>\u00a02014<\/p>\n<p><strong>Fr\u00fchere Vereine:<\/strong>\u00a0ETV<\/p>\n<p><strong>Ziele f\u00fcr die kommende Saison:\u00a0<\/strong>Aufstieg!<\/p>\n<blockquote><p><strong>Lebensmotto:<\/strong>\u00a0Trust the timing of your life<\/p><\/blockquote>\n<p><strong>Wenn du nicht mit dem Volleyball angefangen h\u00e4ttest, welcher Sportart w\u00fcrdest du heute wahrscheinlich nachgehen?<\/strong><\/p>\n<p>Eiskunstlauf<\/p>\n<hr \/>\n<h2><a href=\"http:\/\/www.letmathertv.de\/volleyball\/wp-content\/uploads\/2022\/11\/Rina_DSC7821.jpg\"><img loading=\"lazy\" decoding=\"async\" class=\"size-medium wp-image-764 alignleft\" src=\"http:\/\/www.letmathertv.de\/volleyball\/wp-content\/uploads\/2022\/11\/Rina_DSC7821-240x300.jpg\" alt=\"\" width=\"240\" height=\"300\" srcset=\"https:\/\/www.letmathertv.de\/volleyball\/wp-content\/uploads\/2022\/11\/Rina_DSC7821-240x300.jpg 240w, https:\/\/www.letmathertv.de\/volleyball\/wp-content\/uploads\/2022\/11\/Rina_DSC7821-819x1024.jpg 819w, https:\/\/www.letmathertv.de\/volleyball\/wp-content\/uploads\/2022\/11\/Rina_DSC7821-768x960.jpg 768w, https:\/\/www.letmathertv.de\/volleyball\/wp-content\/uploads\/2022\/11\/Rina_DSC7821-1229x1536.jpg 1229w, https:\/\/www.letmathertv.de\/volleyball\/wp-content\/uploads\/2022\/11\/Rina_DSC7821-120x150.jpg 120w, https:\/\/www.letmathertv.de\/volleyball\/wp-content\/uploads\/2022\/11\/Rina_DSC7821.jpg 1240w\" sizes=\"(max-width: 240px) 100vw, 240px\" \/><\/a><\/h2>\n<h2><strong>Katharina Heim<\/strong><\/h2>\n<p><strong>Geburtstag:<\/strong>\u00a009.03.2001<\/p>\n<p><strong>Gr\u00f6\u00dfe:<\/strong> 1,68 m<\/p>\n<p><strong>Position:<\/strong>\u00a0Au\u00dfen\/Libero<\/p>\n<p><strong>Beim LTV seit:<\/strong> Juni 2020<\/p>\n<p><strong>Fr\u00fchere Vereine:<\/strong>\u00a0SC Hennen<\/p>\n<p><strong>Ziele f\u00fcr die kommende Saison:\u00a0<\/strong>Ganz klar: AUFSTEIGEN! Mit viel Motivation, Spa\u00df, Zusammenhalt und Weiterentwicklung.<\/p>\n<blockquote><p><strong>Lebensmotto:<\/strong>\u00a0Besser sp\u00e4t als nie!<\/p><\/blockquote>\n<p><strong>Wenn du nicht mit dem Volleyball angefangen h\u00e4ttest, welcher Sportart w\u00fcrdest du heute wahrscheinlich nachgehen?<\/strong><\/p>\n<p>Da ich in meiner Jugendzeit einige Jahre Tischtennis gespielt habe und kein Fan von Fitnessstudios bin, w\u00fcrde ich diesem Hobby vermutlich wieder intensiver nachgehen.<\/p>\n<hr \/>\n<h2><a href=\"http:\/\/www.letmathertv.de\/volleyball\/wp-content\/uploads\/2022\/11\/Leah.jpg\"><img loading=\"lazy\" decoding=\"async\" class=\"size-medium wp-image-765 alignleft\" src=\"http:\/\/www.letmathertv.de\/volleyball\/wp-content\/uploads\/2022\/11\/Leah-240x300.jpg\" alt=\"\" width=\"240\" height=\"300\" srcset=\"https:\/\/www.letmathertv.de\/volleyball\/wp-content\/uploads\/2022\/11\/Leah-240x300.jpg 240w, https:\/\/www.letmathertv.de\/volleyball\/wp-content\/uploads\/2022\/11\/Leah-819x1024.jpg 819w, https:\/\/www.letmathertv.de\/volleyball\/wp-content\/uploads\/2022\/11\/Leah-768x960.jpg 768w, https:\/\/www.letmathertv.de\/volleyball\/wp-content\/uploads\/2022\/11\/Leah-1229x1536.jpg 1229w, https:\/\/www.letmathertv.de\/volleyball\/wp-content\/uploads\/2022\/11\/Leah-120x150.jpg 120w, https:\/\/www.letmathertv.de\/volleyball\/wp-content\/uploads\/2022\/11\/Leah.jpg 1240w\" sizes=\"(max-width: 240px) 100vw, 240px\" \/><\/a><\/h2>\n<h2><strong>Leah Hollmann<\/strong><\/h2>\n<p><strong>Geburtstag:<\/strong>\u00a030.12.1999<\/p>\n<p><strong>Gr\u00f6\u00dfe:<\/strong> 1,66 m<\/p>\n<p><strong>Position:<\/strong>\u00a0Au\u00dfenangriff<\/p>\n<p><strong>Beim LTV seit:<\/strong>\u00a0Sommer 2020<\/p>\n<p><strong>Fr\u00fchere Vereine:<\/strong>\u00a0SC Hennen<\/p>\n<p><strong>Ziele f\u00fcr die kommende Saison: <\/strong>Aufstieg!<\/p>\n<blockquote><p><strong>Lebensmotto:<\/strong>\u00a0Happy wife, happy life<\/p><\/blockquote>\n<p><strong>Wenn du nicht mit dem Volleyball angefangen h\u00e4ttest, welcher Sportart w\u00fcrdest du heute wahrscheinlich nachgehen?<\/strong><\/p>\n<p>Skialpin \ud83d\ude42<\/p>\n<hr \/>\n<h1><\/h1>\n<h1><strong>Diagonal<\/strong><\/h1>\n<h2><\/h2>\n<h2><strong>Freya Balk\u00a0<\/strong><\/h2>\n<p><strong>Geburtsdatum:<\/strong>\u00a008.08.1992<\/p>\n<p><strong>Gr\u00f6\u00dfe:<\/strong> 1,83 m<\/p>\n<p><strong>Position:<\/strong>\u00a0Mittelblock<\/p>\n<p><strong>Beim LTV seit:\u00a0<\/strong>Januar 2019<\/p>\n<p><strong>Fr\u00fchere Vereine:<\/strong>\u00a0Geestem\u00fcnder TV, TVE Greven<\/p>\n<p><strong>Ziele f\u00fcr die kommende Saison:<\/strong> Der Aufstieg!<\/p>\n<blockquote><p><strong>Lebensmotto:\u00a0<\/strong> Wat mutt dat mutt<\/p><\/blockquote>\n<p><strong>Wenn du nicht mit dem Volleyball angefangen h\u00e4ttest, welcher Sportart w\u00fcrdest du heute wahrscheinlich nachgehen?<\/strong><\/p>\n<p>Schwimmen<\/p>\n<h2><\/h2>\n<h1><strong>Libera<\/strong><\/h1>\n<h1><\/h1>\n","protected":false},"excerpt":{"rendered":"<p>Zuspiel Carmen Leto Geburtstag: 09.10.1986 Gr\u00f6\u00dfe: 1,70 m Position: Zuspiel Beim LTV seit: Schon immer Fr\u00fchere Vereine: Einmal der LTV, immer der LTV Ziele f\u00fcr die kommende Saison:\u00a0Aufstieg und Spa\u00df haben!! Lebensmotto:\u00a0Carpe diem, aber manchmal geht am Arsch vorbei auch ein Weg her! Wenn du nicht mit dem Volleyball angefangen h\u00e4ttest, welcher Sportart w\u00fcrdest du&#8230;<\/p>\n","protected":false},"author":1,"featured_media":0,"parent":17,"menu_order":1,"comment_status":"closed","ping_status":"closed","template":"","meta":{"footnotes":""},"_links":{"self":[{"href":"https:\/\/www.letmathertv.de\/volleyball\/wp-json\/wp\/v2\/pages\/74"}],"collection":[{"href":"https:\/\/www.letmathertv.de\/volleyball\/wp-json\/wp\/v2\/pages"}],"about":[{"href":"https:\/\/www.letmathertv.de\/volleyball\/wp-json\/wp\/v2\/types\/page"}],"author":[{"embeddable":true,"href":"https:\/\/www.letmathertv.de\/volleyball\/wp-json\/wp\/v2\/users\/1"}],"replies":[{"embeddable":true,"href":"https:\/\/www.letmathertv.de\/volleyball\/wp-json\/wp\/v2\/comments?post=74"}],"version-history":[{"count":36,"href":"https:\/\/www.letmathertv.de\/volleyball\/wp-json\/wp\/v2\/pages\/74\/revisions"}],"predecessor-version":[{"id":766,"href":"https:\/\/www.letmathertv.de\/volleyball\/wp-json\/wp\/v2\/pages\/74\/revisions\/766"}],"up":[{"embeddable":true,"href":"https:\/\/www.letmathertv.de\/volleyball\/wp-json\/wp\/v2\/pages\/17"}],"wp:attachment":[{"href":"https:\/\/www.letmathertv.de\/volleyball\/wp-json\/wp\/v2\/media?parent=74"}],"curies":[{"name":"wp","href":"https:\/\/api.w.org\/{rel}","templated":true}]}}